 9. Determine t(-4).
31
Let d(y) = 26*y - 2. Give d(4).
102
Let b(l) = l**3 + 2*l**2 + 2. What is b(-3)?
-7
Let m(q) = q**2 + 5*q - 1. Calculate m(-7).
13
Let s(l) = -l**2 - l + 13. Calculate s(14).
-197
Let i(u) = 4*u**2 + u - 11. Calculate i(-3).
22
Let a(y) = 26*y - 799. What is a(31)?
7
Let m(c) = c**2 + 13*c + 31. Calculate m(-10).
1
Let x(b) = -10*b - 41. Give x(-4).
-1
Let s(x) = x**2 - 6*x + 2. What is s(4)?
-6
Let g(k) = k**3 + 4*k**2 - 22*k - 10. Give g(-7).
-3
Let m(i) = -19*i - 91. Calculate m(-4).
-15
Let q(x) = x**3 + 4*x**2 - 6*x - 3. Give q(-4).
21
Let h(g) = g**3 - 10*g**2 + 14*g - 13. Determine h(9).
32
Let d(x) = 19*x - 4. Determine d(-2).
-42
Let q(y) = y + 40. Determine q(4).
44
Let k(i) = -12*i - 12. Determine k(-5).
48
Let u(n) = n**3 + 23*n**2 + 18*n - 93. Determine u(-22).
-5
Let b(u) = 2*u**2 + 19*u + 1. Determine b(-9).
-8
Let l(h) = -h**2 - 8*h - 16. Determine l(-3).
-1
Let t(f) = f + 4. What is t(-2)?
2
Let d(c) = -c**3 - 7*c**2 - 5*c + 11. What is d(-6)?
5
Let y(b) = -b**2 + 28*b + 84. What is y(31)?
-9
Let n(d) = 22*d**3 + 2*d**2 - 1. Determine n(1).
23
Let w(f) = -f**2 - 47*f + 97. Determine w(-49).
-1
Let j(a) = -12*a - 84. Calculate j(-7).
0
Let k(s) = -6*s**3 + s**2 - 2*s. What is k(1)?
-7
Let o(m) = m**2 - 4*m + 14. Determine o(7).
35
Let o(g) = 2*g**3 - 20*g**2 + 21. Determine o(10).
21
Let r(k) = 5*k + 94. Calculate r(-17).
9
Let b(u) = -3*u**3 - 4*u**2 + 2*u + 1. What is b(-2)?
5
Let g(m) = -m**3 + 4*m**2 - 2*m - 4. Give g(3).
-1
Let m(t) = -t**2 + 13*t + 50. What is m(-3)?
2
Let g(s) = s**3 + 2*s**2 + 4. Give g(4).
100
Let x(i) = -3*i + 10. Determine x(10).
-20
Let x(p) = p**2 + 3*p - 1. What is x(-4)?
3
Let z(h) = h - 5. Calculate z(-19).
-24
Let b(t) = -t**3 - 5*t**2 + 8*t + 35. Give b(-3).
-7
Let c(z) = 3*z**2 - 18*z + 22. Determine c(6).
22
Let z(h) = -7*h**2 - 103*h + 15. Calculate z(-15).
-15
Let a(c) = c**2 - 5*c + 12. Calculate a(3).
6
Let v(h) = h**2 + 17*h - 36. Calculate v(-18).
-18
Let s(i) = -i + 5. What is s(10)?
-5
Let u(k) = -k**3 + 20*k**2 - k + 25. What is u(20)?
5
Let i(r) = r**2 - 5*r - 22. Calculate i(7).
-8
Let s(g) = -g**2 + 13*g + 16. What is s(14)?
2
Let o(v) = -v**2 + 2*v - 1. What is o(4)?
-9
Let z(h) = 27*h**3 + 4*h**2 + h - 1. What is z(-1)?
-25
Let x(q) = -q**2 + 15*q - 22. What is x(13)?
4
Let t(w) = 2*w**2 + 4*w + 1. Give t(-3).
7
Let b(j) = j**3 + 16*j**2 + 2*j + 3. Determine b(-16).
-29
Let n(a) = a**2 - 17*a + 28. Give n(13).
-24
Let b(d) = -40*d + 3. Give b(-2).
83
Let g(r) = r**2 + 8*r + 14. What is g(-8)?
14
Let s(y) = 2*y**2 - 1. What is s(4)?
31
Let n(i) = -i**3 + 8*i**2 + 2*i - 11. Determine n(8).
5
Let s(y) = y**3 + 6*y**2 - 4*y - 3. What is s(-5)?
42
Let m(q) = 5*q - 5. Determine m(-1).
-10
Let i(d) = d**3 + 9*d**2 - 4*d - 28. Give i(-9).
8
Let l(c) = 45*c + 392. Calculate l(-9).
-13
Let v(o) = 24*o + 81. Give v(-4).
-15
Let i(v) = 6*v**2 + 3*v + 4. Calculate i(-2).
22
Let t(u) = 6*u**2 + 47*u - 27. Calculate t(-8).
-19
Let t(g) = -4*g**3 - g**2 - g - 2. Calculate t(2).
-40
Let u(j) = 16*j + 148. Give u(-9).
4
Let o(j) = -j**3 + 9*j**2 - 6. What is o(9)?
-6
Let r(z) = 6*z - 83. What is r(14)?
1
Let v(g) = -2*g + 43. Determine v(14).
15
Let i(k) = 31*k**3 + 3*k + 2. Calculate i(-1).
-32
Let k(j) = 2*j**2 - 5. Calculate k(2).
3
Let w(o) = -o**3 + 7*o**2 - 9*o + 12. Give w(6).
-6
Let x(t) = 2*t**3 - t**2 + 2*t. Give x(-2).
-24
Let y(b) = -2*b**3 + 8*b**2 + 13. What is y(6)?
-131
Let b(u) = 2*u**2 + 3*u + 7. Calculate b(-5).
42
Let b(d) = -5*d + 154. Give b(32).
-6
Let t(y) = y**3 + 12*y**2 - y - 18. Determine t(-12).
-6
Let c(n) = n**2 - 8*n - 3. Determine c(8).
-3
Let t(l) = l**2 - 20*l + 11. What is t(16)?
-53
Let f(h) = 23*h + 5. Give f(-2).
-41
Let d(c) = c - 7. What is d(10)?
3
Let y(t) = 2*t**2 + 27*t - 7. What is y(-14)?
7
Let b(a) = -a - 3. Determine b(-9).
6
Let g(y) = 13*y - 1. Determine g(1).
12
Let i(s) = -5*s**2 + 5*s - 2. Give i(2).
-12
Let g(h) = h**3 + 7*h**2 + 6*h + 12. What is g(-5)?
32
Let x(k) = k**2 - 8*k - 26. Give x(9).
-17
Let j(x) = -x**3 + x**2 + x - 6. Determine j(0).
-6
Let j(a) = -6*a + 25. Give j(7).
-17
Let l(b) = 4*b + 6. Calculate l(-5).
-14
Let v(o) = o**2 - 3*o + 4. Determine v(5).
14
Let m(w) = 5*w - 37. What is m(9)?
8
Let o(l) = -l**2 + 15*l - 10. Determine o(14).
4
Let y(p) = 29*p**2 + 10*p + 15. What is y(-2)?
111
Let y(l) = -l**3 - 25*l**2 - l + 4. Determine y(-25).
29
Let g(n) = 18*n**2 - 1. Determine g(1).
17
Let v(l) = -l**3 + 8*l**2 - 2*l - 4. What is v(4)?
52
Let c(r) = r**3 + 14*r**2 + 15*r + 7. Determine c(-13).
-19
Let h(f) = -f**3 + 9*f**2 - 11*f + 11. Calculate h(8).
-13
Let c(t) = -t**3 - 14*t**2 - 3*t - 48. Calculate c(-14).
-6
Let a(b) = -b**2 - 3*b - 5. Calculate a(-11).
-93
Let c(f) = -f**3 - 7*f**2 - 2*f - 4. Calculate c(-7).
10
Let b(u) = 4*u + 52. Calculate b(-15).
-8
Let z(j) = j**2 - 3*j - 38. What is z(-5)?
2
Let p(y) = -y**2 - 8*y. Give p(6).
-84
Let s(b) = -b + 5. What is s(-5)?
10
Let y(q) = q**2 - 10*q + 1. Determine y(5).
-24
Let k(y) = -y**3 - 12*y**2 - 35*y - 18. Calculate k(-8).
6
Let b(j) = -j**3 - 3*j**2 + 6*j + 5. Give b(-4).
-3
Let b(w) = -9*w - 3. Give b(-4).
33
Let z(m) = 8*m + 39. What is z(7)?
95
Let y(c) = -11*c + 33. Determine y(5).
-22
Let a(w) = -7*w**2 - 3*w + 3. Determine a(2).
-31
Let v(y) = y**2 - 24*y - 22. What is v(24)?
-22
Let o(q) = 7*q**2 - 2*q - 1. Calculate o(-1).
8
Let x(r) = 116*r - 688. What is x(6)?
8
Let f(n) = n**3 - 14*n**2 + 27*n - 41. Give f(12).
-5
Let o(a) = -4*a - 30. Give o(5).
-50
Let b(g) = 3*g**2 + 21*g - 26. Determine b(-8).
-2
Let n(y) = -97*y - 392. Give n(-4).
-4
Let m(u) = u**2 + 10*u + 12. Give m(-8).
-4
Let d(n) = -2*n**2 + 32*n. What is d(15)?
30
Let h(x) = x**2 + 2*x + 1. Give h(-5).
16
Let h(q) = q**2 - 4*q - 3. What is h(4)?
-3
Let i(f) = -2*f - 14. Calculate i(-10).
6
Let r(s) = 10*s + 4. Calculate r(-1).
-6
Let b(x) = -x**3 + 15*x**2 - 11*x - 10. Determine b(14).
32
Let k(c) = c**3 + 16*c**2 - 35*c - 45. Give k(-18).
-63
Let k(g) = -21*g - 8. What is k(-3)?
55
Let d(m) = -3*m**3 - 16*m**2 - 4*m - 6. Give d(-5).
-11
Let s(z) = -9*z - 23. Give s(-3).
4
Let k(w) = w**3 - 11*w**2 - 3*w - 8. Calculate k(11).
-41
Let d(u) = -u**3 + 8*u**2 - 3*u - 23. Give d(7).
5
Let y(z) = 7*z - 41. What is y(5)?
-6
Let i(m) = -m**2 - 5*m + 33. Determine i(-10).
-17
Let d(u) = 17*u - 6. What is d(-1)?
-23
Let q(r) = -r - 22. Determine q(-12).
-10
Let h(y) = -12*y + 16. Determine h(3).
-20
Let l(a) = 5*a + 29. Calculate l(-2).
19
Let g(t) = -t**2 - 20*t + 103. Give g(-24).
7
Let u(w) = -5*w**2 + 26*w - 3. Determine u(5).
2
Let h(j) = 4*j**3 - 2*j - 2. Give h(-1).
-4
Let z(l) = 2*l**2 + 27*l - 18. Determine z(-15).
27
Let r(b) = -b**3 + 3*b**2 + 5*b - 20. What is r(5)?
-45
Let f(c) = c**2 - 8*c + 4. Give f(6).
-8
Let u(n) = n**2 - 16*n - 36. What is u(-2)?
0
Let k(s) = -3*s - 3. Calculate k(15).
-48
Let n(f) = 2*f**3 - f**2 - 2*f + 6. Give n(2).
14
Let q(t) = t**2 - 26*t + 117. What is q(20)?
-3
Let v(z) = -z**2 + 26*z + 54. Calculate v(28).
-2
Let v(u) = 6*u**2 - 3. Determine v(-3).
51
Let u(s) = s**3 + 2*s**2 + 14*s - 29. Calculate u(3).
58
Let o(t) = -29*t**3 - t**2 + 1. Calculate o(-1).
29
Let p(k) = 2*k - 22. What is p(7)?
-8
Let r(i) = i + 7. Give r(6).
13
Let k(t) = -95*t**2. What is k(-1)?
-95
Let m(q) = -q**2 + 13*q + 15. Give m(15).
-15
Let j(f) = -7*f**3 + f**2 + 3*f - 1. Calculate j(2).
-47
Let z(x) = x**3 + 3*x**2 - 6*x - 2. Determine z(-3).
16
Let w(y) = 7*y + 110. Calculate w(-23).
-51
Let i(s) = -2*s**2 - 4*s + 3. What is i(4)?
-45
Let u(m) = 31*m + 282. What is u(-9)?
3
Let r(h) = -h**3 - 10*h**2 - h - 1. What is r(-10)?
9
Let h(a) = 3*a**2 - 2*a - 7. Give h(-3).
26
Let v(j) = 4*j + 45. Give v(-19).
-31
Let y(a) = 2*a - 7. Determine y(5).
3
Let f(x) = -x - 12. Determine f(-16).
4
Let c(k) = -k**3 - 5*k**2 + 4*k - 9. Calculate c(-6).
3
Let v(r) = 38*r**3 + r**2 - 2*r - 2. Determine v(-1).
-37
Let b(w) = 2*w**2 - 18*w - 11. Give b(9).
-11
Let g(q) = -2*q**3 - 28*q**2 - 26*q - 12. Determine g(-13).
-12
Let y(u) = 30*u - 3. Determine y(1).
27
Let s(b) = 2*b**2 + 5*b + 4. What is s(-3)?
7
Let j(v) = -3*v + 17. What is j(-13)?
56
Let a(j) = 3*j**3 + 3*j**2 + 3*j + 1. Calculate a(-2).
-17
Let g(z) = 4*z + 49. Determine g(-15).
-11
Let h(u) = -u**3 - 19*